0 = 7*l, l + 2*j + 6 = 0. Let k be 26 + -4 + l + -3. Suppose 0 = 5*u - 2*o - 34, -5*o = 5*u - k - 32. List the prime factors of u.
2
Let p(r) = 4*r - 2. Let t = 2 - 0. Suppose s - 6 = -t*s. What are the prime factors of p(s)?
2, 3
List the prime factors of (-5090)/(-70) + 2/7.
73
Suppose d - 3*d = -14. Suppose d - 2 = t. What are the prime factors of t?
5
What are the prime factors of 71*(5 + 0 + -4)?
71
Let o = -2 + 8. Let i be (12/(-8))/(o/(-8)). Suppose -2 = -2*p + 2*j, 9*p = 4*p + i*j + 20. List the prime factors of p.
2, 3
Let s = 4 - -2. List the prime factors of (-8)/s*-3 - -1.
5
Suppose -4*j = k - 11, -2*k - j = -4 + 3. Let t(p) = -p + 1. Let a(m) = -7*m + 8. Let q(o) = k*a(o) + 6*t(o). What are the prime factors of q(5)?
3
Suppose -z = i - 6, -3*i + 3*z + z = -4. Suppose 5*n - i*n = 3. Suppose 0 = -w + 1 + n. What are the prime factors of w?
2
Suppose -4*p = 5*a - a + 12, -3*a - 11 = 5*p. List the prime factors of a - (-5)/(5/6).
2
Suppose 15 = y - c, 3*c + 72 = 4*y + 5*c. Suppose -2*h - 3 = -0*v - v, -3*v = -3*h. Let z = v + y. What are the prime factors of z?
2, 7
What are the prime factors of 1 - (-6 + (-470)/5)?
101
Suppose -o + 4*s = -55, -2*s = -5*o + 7*o - 160. What are the prime factors of o?
3, 5
Let z(i) = i**2 - 5*i + 3. Let q be z(5). Let m be (-8)/q*(-3)/2. Suppose -19 = -m*h + 29. What are the prime factors of h?
2, 3
Suppose 2*j = 5*q - 109, 58 = 4*q - 4*j - 22. Let o = q + -34. Let p = 0 - o. List the prime factors of p.
11
Suppose b = -2*b - z + 19, 4*z = 4*b - 20. List the prime factors of b/(-1)*5/(-15).
2
Let h(i) = 11*i**2 - 1. Let m be h(-2). Suppose 6 = -2*c, -4*z + m = 5*c - 6*c. List the prime factors of z.
2, 5
Let c(t) = 4*t**2 + 3*t + 1. What are the prime factors of c(-3)?
2, 7
Suppose 2*g = -o + 4, -3*o - 5*g + 7 = -4*g. Let b(j) be the first derivative of j**3 - j**2 + 2*j - 2. List the prime factors of b(o).
2, 5
Let w be ((-10)/25)/(3/225). Let y = -23 - w. What are the prime factors of y?
7
Let d = 2 + 4. Let c be 9/d*(-16)/(-6). Suppose 6 = -c*g + 26. What are the prime factors of g?
5
Let w(n) = n. Suppose -y = -4*d - 11, -12 = -2*y + 2*d + d. Let f be w(y). Suppose f = s - 16. What are the prime factors of s?
19
Let n = 23 - 2. What are the prime factors of n?
3, 7
Suppose 3*y - 4*y + 22 = 0. List the prime factors of y.
2, 11
Let a be -1 + (2 + -8 - -1). Let h be 2 - (-3)/(a/(-2)). Suppose -4*b = 4*u - 20, -u - h*u + 4*b + 36 = 0. List the prime factors of u.
7
Let f(l) = -2*l + 43. List the prime factors of f(0).
43
Let z(o) = o**3 - 2*o**2 + 4*o - 3. What are the prime factors of z(4)?
3, 5
Let n = -4 + 6. Let a = n - -12. What are the prime factors of (-4)/a - (-23)/7?
3
Suppose 2 = -2*w, -w - 3*w = -4*n + 12. List the prime factors of n.
2
Let s be ((-3)/4)/(1/(-4)). Let d(f) = f**2 + 3*f + 1. Let g be d(-3). Suppose 0 = q - g - s. List the prime factors of q.
2
Let r(v) = -v + 5. Let a be r(7). Let x be ((-21)/4)/(a/(-8)). What are the prime factors of 6/x + (-172)/(-14)?
2, 3
Suppose -3 - 18 = -3*o. List the prime factors of o.
7
Suppose 5*d + 0*d = 55. Suppose 1 = -2*i + d. What are the prime factors of i?
5
Let j = 0 - 0. Let o(l) = -l**2 + 3*l - 2. Let p(x) = 2*x**2 - 7*x + 4. Let q(y) = -7*o(y) - 3*p(y). List the prime factors of q(j).
2
Let c(a) be the first derivative of 5*a**3/3 + a**2 - 2*a + 3. What are the prime factors of c(-2)?
2, 7
Suppose 0 = 5*r + t - 152, -4*t + 50 = -r + 3*r. Suppose -2*q = r - 99. What are the prime factors of q?
2, 17
Let s(y) = y**3 + 8*y**2 + 5*y + 3. Let x be s(-3). Suppose 2*k - x = -k. List the prime factors of k.
11
Let u = 3 + 2. Suppose -4*m + 40 = u*g, 4*m = -15 - 5. What are the prime factors of g?
2, 3
Let z = 15 + -4. Suppose -z = -2*y + 13. What are the prime factors of y?
2, 3
Let l(i) = i**2 + 4*i. Let n(f) be the second derivative of -f**5/20 - f**4/4 + f**3 + f**2 + 3*f. Let a be n(-4). What are the prime factors of l(a)?
2, 3
Suppose 26 = 4*i - 118. List the prime factors of i.
2, 3
Let o(c) = c + 3. Let f be o(-12). Let w = -4 - f. List the prime factors of w.
5
Let i(s) = 7*s**2 + s. List the prime factors of i(-2).
2, 13
Suppose 5*y - 74 = 2*t + 321, 5*y - 410 = 5*t. List the prime factors of y.
7, 11
Let r(a) = -a. Let y(x) = -10*x**2 + 6*x. Let o(v) = -5*r(v) - y(v). Suppose -4*h - 2*j = h - 5, 3*j - 5 = -5*h. What are the prime factors of o(h)?
3
Suppose -2*k = -0*k - p, 3*k + 4*p - 22 = 0. Suppose k*z = -4 + 8. List the prime factors of z.
2
Suppose 34 = 4*r - 22. Let l = r + 0. Suppose 0*k - l = -2*k. What are the prime factors of k?
7
Let a(v) = -10*v + 16. Let o be a(-7). Let l = o - 47. What are the prime factors of l?
3, 13
Suppose 2*s - 9 = -2*y + y, 2 = 2*y. Suppose 0 = -s*a - 4 - 4. What are the prime factors of (2 - 0) + a - -9?
3
Let c(w) = -w + 7. List the prime factors of c(-7).
2, 7
Let d(m) = -3. Let w(q) = q + 2. Let b(u) = 4*d(u) + 5*w(u). List the prime factors of b(3).
13
Let m be (16/10)/((-1)/(-5)). Let j be (-55)/4 + (-2)/m. Let k = -6 - j. What are the prime factors of k?
2
Let j(w) be the second derivative of w**4/6 - 2*w**3/3 - 3*w**2/2 + 2*w. What are the prime factors of j(-2)?
13
Suppose -q + 16 = q + t, -4*t - 8 = -q. Let l = q - -12. List the prime factors of l.
2, 5
Let t be (2/4)/(3/18). Let j(c) = t + 3*c - 4 - 2. What are the prime factors of j(3)?
2, 3
Let c = 15 - 9. Suppose f - 7 = -2*h, 0 = -3*h + 5*f + 23 - c. Let o = h + 4. List the prime factors of o.
2
Let m(w) = -10*w + 7. Let z be (-1)/4 - (-99)/12. Let t(x) = 15*x - 11. Let u(a) = z*m(a) + 5*t(a). List the prime factors of u(-3).
2
Let u(l) = 6*l. Let t be u(1). Suppose 0 = 2*b, 0 = i - 0*i + 3*b - t. Suppose -4*h = 4*p, 4 = i*p - p + 4*h. List the prime factors of p.
2
Suppose -2*c + 3*c - 1009 = -3*l, -2*l + 2*c = -662. What are the prime factors of l?
5, 67
Suppose 2*j = -0*j - 10. Let x = 1 - j. List the prime factors of x.
2, 3
Suppose 8 = 5*y - 12. Let q = -29 - y. Let z = -22 - q. What are the prime factors of z?
11
Let n = -21 + 12. Let u be (-134)/10 + (-2)/(-5). Let b = n - u. What are the prime factors of b?
2
Let a be (-2176)/(-28) - (-2)/7. List the prime factors of 2/(-3)*a/(-4).
13
Let m(g) be the second derivative of -g**3/2 - 3*g**2/2 + g. What are the prime factors of m(-6)?
3, 5
List the prime factors of (-273)/(-3) + -2 + -1.
2, 11
Let r(q) = 2*q**3 - 5*q**2 + 7*q - 8. List the prime factors of r(5).
2, 19
Suppose -14*b - 304 = -18*b. What are the prime factors of b?
2, 19
Let j(n) = -2*n**3 + 7*n**2 - 3*n - 5. Let b(m) = -3*m**3 + 8*m**2 - 4*m - 6. Let a(p) = -3*b(p) + 4*j(p). List the prime factors of a(-3).
7
Suppose -3*t + 3*d + 21 = -5*t, -t - 4*d - 8 = 0. List the prime factors of (t/(-8))/((-6)/(-148)).
37
Let y(q) = -2*q + 0 + 1 + 0*q. Let w(i) = -i**3 + 9*i**2 + i - 12. Let c be w(9). List the prime factors of y(c).
7
Let l(p) = -p**3 - 6*p**2 - 8*p - 4. Suppose 2*r - 10 = 8. Let t be -10 - r/(-3) - -2. List the prime factors of l(t).
11
Let k(m) = -18*m - 32. What are the prime factors of k(-5)?
2, 29
Let a = 12 + -7. Suppose 13 = -a*b + 33. List the prime factors of b.
2
Suppose 8*q - 36 = 2052. List the prime factors of q.
3, 29
Let b = -55 + -57. Let w = 159 + b. What are the prime factors of w?
47
Let g(u) = -u**2 + 9*u - 9. Let f be g(7). Suppose -f*a + 4*a + 53 = 4*z, 27 = 3*z + 5*a. List the prime factors of z.
2, 7
Suppose 5*p = 3*d - 210, -7 = 2*d - 4*p - 147. What are the prime factors of d?
2, 5, 7
Suppose -3*h + 824 = -82. What are the prime factors of h?
2, 151
Let v(s) = s + 7. Let h be v(-5). Suppose -5 = -3*a + h*a. List the prime factors of a.
5
Let t be ((-18)/4)/((-3)/(-40)). What are the prime factors of ((-3)/2)/(9/t)?
2, 5
What are the prime factors of (1 + (1 - -2))*30/3?
2, 5
Let f(v) = 2*v**2 + 3*v + 6. Let c = -2 + -2. List the prime factors of f(c).
2, 13
Suppose 4*y - 2*r - 18 = -4*r, 0 = -3*r + 3. Suppose 57 = y*n - 19. What are the prime factors of n?
19
Let s(u) = -9*u + 21. Let a be (-4)/((-3)/(-2) - 2). Let p(r) = 6*r - 14. Let c(h) = a*p(h) + 5*s(h). What are the prime factors of c(5)?
2
Suppose f - 5 = r, 3*r + 4 = -5. Suppose 26 = 2*m + 4*b - 22, -f*m - 5*b = -49. Suppose 4*h - 2 = m. List the prime factors of h.
2, 3
Let c = 13 - 28. List the prime factors of (-114)/c